{"id":84,"date":"2025-11-11T17:14:22","date_gmt":"2025-11-11T16:14:22","guid":{"rendered":"https:\/\/432131-1.web.fhgr.education\/?page_id=84"},"modified":"2025-11-25T09:43:28","modified_gmt":"2025-11-25T08:43:28","slug":"erfolge-feiern-momente-die-verbinden","status":"publish","type":"page","link":"https:\/\/432131-1.web.fhgr.education\/?page_id=84","title":{"rendered":"Erfolge feiern \u2013 Momente, die verbinden"},"content":{"rendered":"\n<div class=\"wp-block-cover alignwide has-custom-content-position is-position-bottom-center is-style-default\" style=\"padding-top:6rem;padding-right:1.6rem;padding-bottom:6rem;padding-left:1.6rem\"><img loading=\"lazy\" decoding=\"async\" width=\"612\" height=\"408\" class=\"wp-block-cover__image-background wp-image-92 size-full\" alt=\"\" src=\"https:\/\/432131-1.web.fhgr.education\/wp-content\/uploads\/2025\/11\/firma-home-2.jpg\" data-object-fit=\"cover\" srcset=\"https:\/\/432131-1.web.fhgr.education\/wp-content\/uploads\/2025\/11\/firma-home-2.jpg 612w, https:\/\/432131-1.web.fhgr.education\/wp-content\/uploads\/2025\/11\/firma-home-2-300x200.jpg 300w\" sizes=\"auto, (max-width: 612px) 100vw, 612px\" \/><span aria-hidden=\"true\" class=\"wp-block-cover__background has-background-dim wp-block-cover__gradient-background has-background-gradient\" style=\"background:linear-gradient(180deg,rgba(36,36,30,0.33) 58%,rgb(36,36,30) 100%)\"><\/span><div class=\"wp-block-cover__inner-container is-layout-flow wp-block-cover-is-layout-flow\">\n<div class=\"wp-block-group is-layout-constrained wp-container-core-group-is-layout-530ec779 wp-block-group-is-layout-constrained\">\n<div class=\"wp-block-columns is-layout-flex wp-container-core-columns-is-layout-28f84493 wp-block-columns-is-layout-flex\">\n<div class=\"wp-block-column is-layout-flow wp-block-column-is-layout-flow\">\n<h1 class=\"wp-block-heading has-3-x-large-font-size\" style=\"line-height:1.1\">Egal ob 10, 25 oder 50 Jahre \u2013 wir unterst\u00fctzen euch bei der Planung, Organisation und Umsetzung eines Jubil\u00e4ums, das eure Mitarbeiter und G\u00e4ste begeistert.<\/h1>\n<\/div>\n<\/div>\n<\/div>\n<\/div><\/div>\n\n\n\n<div class=\"wp-block-group alignfull has-text-color has-background is-layout-flow wp-block-group-is-layout-flow\" style=\"color:#000000;background-color:#ffffff\">\n<div style=\"height:64px\" aria-hidden=\"true\" class=\"wp-block-spacer\"><\/div>\n\n\n\n<p class=\"has-text-align-center has-small-font-size\" style=\"line-height:.9\"><strong>GET IN TOUCH<\/strong><\/p>\n\n\n\n<h2 class=\"wp-block-heading has-text-align-center\" id=\"schedule-a-visit\" style=\"font-size:59px;line-height:1.15\"><strong>Feiert eure Erfolge stilvoll \u2013 wir gestalten unvergessliche Firmenjubil\u00e4en.<\/strong><\/h2>\n\n\n\n<div class=\"wp-block-buttons is-horizontal is-content-justification-center is-layout-flex wp-container-core-buttons-is-layout-03627597 wp-block-buttons-is-layout-flex\">\n<div class=\"wp-block-button has-custom-width wp-block-button__width-50\"><a class=\"wp-block-button__link has-text-color has-background wp-element-button\" href=\"https:\/\/432131-1.web.fhgr.education\/?page_id=113\" style=\"border-radius:50px;color:#ffffff;background-color:#000000\">Offerte einholen<\/a><\/div>\n<\/div>\n<\/div>\n\n\n\n<div class=\"wp-block-group alignwide ona-container is-layout-flow wp-block-group-is-layout-flow\" style=\"padding-top:100px;padding-bottom:20px\">\n<div class=\"wp-block-group alignwide is-vertical is-layout-flex wp-container-core-group-is-layout-9bbda7f9 wp-block-group-is-layout-flex\" style=\"padding-top:100px;padding-right:var(--wp--preset--spacing--50);padding-bottom:52px;padding-left:var(--wp--preset--spacing--50)\">\n<h2 class=\"wp-block-heading alignwide has-text-align-center\" style=\"margin-bottom:56px;font-size:3rem;font-style:normal;font-weight:400;letter-spacing:4px;text-transform:uppercase\">Leistungen im \u00dcberblick<\/h2>\n\n\n\n<div class=\"wp-block-columns alignfull is-layout-flex wp-container-core-columns-is-layout-28f84493 wp-block-columns-is-layout-flex\">\n<div class=\"wp-block-column is-layout-flow wp-block-column-is-layout-flow\" style=\"padding-bottom:48px\">\n<h3 class=\"wp-block-heading has-text-align-center\" style=\"margin-top:36px;font-size:1.25rem\">Event-Konzept und Ablaufplanung<\/h3>\n\n\n\n<p class=\"has-text-align-center\">Wir entwickeln ein ma\u00dfgeschneidertes Konzept, das eure Marke und euren Anlass perfekt widerspiegelt.<\/p>\n<\/div>\n\n\n\n<div class=\"wp-block-column is-layout-flow wp-block-column-is-layout-flow\" style=\"padding-bottom:48px\">\n<h3 class=\"wp-block-heading has-text-align-center\" style=\"margin-top:36px;font-size:1.25rem\">Location und Dekoration<\/h3>\n\n\n\n<p class=\"has-text-align-center\">Wir w\u00e4hlen passende Locations und dekorieren stilvoll, um den Anlass besonders zu machen.<\/p>\n<\/div>\n\n\n\n<div class=\"wp-block-column is-layout-flow wp-block-column-is-layout-flow\">\n<h3 class=\"wp-block-heading has-text-align-center\" style=\"margin-top:36px;font-size:1.25rem\">Catering und Getr\u00e4nke-Service<\/h3>\n\n\n\n<p>Von Fingerfood bis Gala-Dinner \u2013 wir sorgen f\u00fcr kulinarische Highlights f\u00fcr eure G\u00e4ste.<\/p>\n<\/div>\n\n\n\n<div class=\"wp-block-column is-layout-flow wp-block-column-is-layout-flow\" style=\"padding-bottom:48px\">\n<h3 class=\"wp-block-heading has-text-align-center\" style=\"margin-top:36px;font-size:1.25rem\">Unterhaltung und Programm<\/h3>\n\n\n\n<p class=\"has-text-align-center\">Wir planen Programmpunkte, die sowohl unterhalten als auch verbinden \u2013 von Shows bis Networking-Elementen.<\/p>\n<\/div>\n<\/div>\n<\/div>\n\n\n\n<figure class=\"wp-block-gallery has-nested-images columns-5 is-cropped wp-block-gallery-1 is-layout-flex wp-block-gallery-is-layout-flex\">\n<figure class=\"wp-block-image size-large\"><img decoding=\"async\" src=\"https:\/\/www.papodebar.com\/wp-content\/uploads\/2013\/11\/Champagne-brinde.jpg\" alt=\"ona_minimal_gallery_1\"\/><\/figure>\n\n\n\n<figure class=\"wp-block-image size-large\"><img decoding=\"async\" src=\"https:\/\/www.feel.de\/fileadmin\/user_upload\/location-firmenevent.jpg\" alt=\"ona_minimal_gallery_2\"\/><\/figure>\n\n\n\n<figure class=\"wp-block-image size-large\"><img decoding=\"async\" src=\"https:\/\/wohnen-bauen.com\/wp-content\/uploads\/2024\/02\/AdobeStock_647396317.jpg\" alt=\"ona_minimal_gallery_3\"\/><\/figure>\n\n\n\n<figure class=\"wp-block-image size-large\"><img decoding=\"async\" src=\"https:\/\/media.handwerk-magazin.de\/uploads\/2021\/03\/Bildschirmfoto-2020-02-25-um-12.37.02-1024x680.png\" alt=\"ona_minimal_gallery_4\"\/><\/figure>\n\n\n\n<figure class=\"wp-block-image size-large\"><img decoding=\"async\" src=\"https:\/\/kolarik.at\/wp-content\/uploads\/2023\/02\/firmenevents-3661_1.jpg\" alt=\"ona_minimal_gallery_5\"\/><\/figure>\n<\/figure>\n<\/div>\n","protected":false},"excerpt":{"rendered":"<p>GET IN TOUCH Feiert eure Erfolge stilvoll \u2013 wir gestalten unvergessliche Firmenjubil\u00e4en. Leistungen im \u00dcberblick Event-Konzept und Ablaufplanung Wir entwickeln ein ma\u00dfgeschneidertes Konzept, das eure Marke und euren Anlass perfekt widerspiegelt. Location und Dekoration Wir w\u00e4hlen passende Locations und dekorieren stilvoll, um den Anlass besonders zu machen. Catering und Getr\u00e4nke-Service Von Fingerfood bis Gala-Dinner \u2013 [&hellip;]<\/p>\n","protected":false},"author":1,"featured_media":0,"parent":0,"menu_order":0,"comment_status":"closed","ping_status":"closed","template":"","meta":{"footnotes":""},"class_list":["post-84","page","type-page","status-publish","hentry"],"_links":{"self":[{"href":"https:\/\/432131-1.web.fhgr.education\/index.php?rest_route=\/wp\/v2\/pages\/84","targetHints":{"allow":["GET"]}}],"collection":[{"href":"https:\/\/432131-1.web.fhgr.education\/index.php?rest_route=\/wp\/v2\/pages"}],"about":[{"href":"https:\/\/432131-1.web.fhgr.education\/index.php?rest_route=\/wp\/v2\/types\/page"}],"author":[{"embeddable":true,"href":"https:\/\/432131-1.web.fhgr.education\/index.php?rest_route=\/wp\/v2\/users\/1"}],"replies":[{"embeddable":true,"href":"https:\/\/432131-1.web.fhgr.education\/index.php?rest_route=%2Fwp%2Fv2%2Fcomments&post=84"}],"version-history":[{"count":11,"href":"https:\/\/432131-1.web.fhgr.education\/index.php?rest_route=\/wp\/v2\/pages\/84\/revisions"}],"predecessor-version":[{"id":253,"href":"https:\/\/432131-1.web.fhgr.education\/index.php?rest_route=\/wp\/v2\/pages\/84\/revisions\/253"}],"wp:attachment":[{"href":"https:\/\/432131-1.web.fhgr.education\/index.php?rest_route=%2Fwp%2Fv2%2Fmedia&parent=84"}],"curies":[{"name":"wp","href":"https:\/\/api.w.org\/{rel}","templated":true}]}}